What is s(q)?
-6
Let n(l) = 50 + 63 - 114 + 3*l**2 + l**3. Let i = -3 + -1. Give n(i).
-17
Let y = 126 + -126. Suppose y = 5*f - g + 51, 0 = 2*f + 3*g + 20 - 3. Let r(l) = -l - 14. Give r(f).
-4
Let h(j) = j**3 - 7*j**2 + 8*j - 5. Suppose -10*d + 281 = 221. Calculate h(d).
7
Suppose 3*y + 4*r = -3 + 1, 3*r = 4*y - 14. Let v(d) = -9*d**3 + 6*d**3 - 3*d**3 + d + d**y + 4*d**3. What is v(-1)?
2
Let q = 174 + -181. Let h(z) = -2*z**3 - 7*z**2 - 6*z + 9. Let c(v) = v**3 - v**2 - v + 1. Let r(k) = -c(k) - h(k). Give r(q).
-10
Let r(m) be the third derivative of -m**6/180 - m**5/15 + m**4/4 + 13*m**3/2 - 33*m**2. Let p(g) be the first derivative of r(g). Give p(-6).
-18
Let o(n) = -5*n**3 - 2*n**3 - 12*n**2 + 1 + 10*n**2. Let z = -50 - -49. What is o(z)?
6
Suppose -415*i - 14 = -401*i. Let u(m) = 3 - 4 - m + 30*m**2 - 9*m**2. Give u(i).
21
Let h be ((-3)/9)/1*-15. Suppose -3*w - w + 55 = h*a, 28 = 4*w - 4*a. Let j be w/(-4)*(-16)/(-10). Let n(s) = s + 5. Give n(j).
1
Suppose 2*c = 10, -3*r - 20 = -0*c - 4*c. Suppose 18*s - 15*s - 3 = r. Let o(h) = -s - 2*h - 5 + 3 + h. Determine o(-4).
1
Let p(v) = -5*v**3 + 2*v**2 - 4*v**3 + 16*v**3 + 4 - 6*v**3 - 6*v + 2*v**2. Determine p(-5).
9
Let a(m) = m. Let l(z) = -z - 7. Let k(c) = -2*c + 3. Let r(p) = p - 4. Let i(f) = 2*k(f) + 3*r(f). Let u(g) = -6*i(g) + 5*l(g). Let s be u(1). What is a(s)?
2
Let l(w) = -19*w**2 - w**3 + w - 7 + 3 + 8*w**2 + 16*w**2. Calculate l(6).
-34
Let z be ((-32)/(-24))/((-4)/(-18)). Suppose 0 = 2*b - 12 + z. Let p(c) = -c + 2. Give p(b).
-1
Let i(a) = a - 1. Let s be 2*1/6*0. Suppose 2*j = 5*z - 7 - 0, s = -3*j + 3*z + 3. Determine i(j).
3
Let j(b) = b**2 + 4*b - 6. Suppose -93 = 5*h + 77. Let k = h - -28. Calculate j(k).
6
Let k = -4 - -10. Let i(w) = 0 + 0 - 1 - k*w + 3*w. Let c(r) = 12*r + 3. Let t(p) = -2*c(p) - 9*i(p). Calculate t(-2).
-3
Let o(g) = -6*g - g + 4 + 4*g. Let m(p) = -4*p + 32. Let k be m(9). Let h be k*(-1)/4 - 4. Give o(h).
13
Let a be -1 + 0/((-2)/1). Let s(r) = -17*r**2 - 25*r + 16*r**2 + 26*r + 1 + 0. What is s(a)?
-1
Let t(f) = -2*f + 1. Let i(m) = -m**3 + 3*m**2 + 4*m + 3. Let v be i(4). Suppose -j + 20 = 4*p + v*j, -3*j = -12. Let n be t(p). Let r(a) = -3*a**3. Give r(n).
3
Let w be 3/2*(-8)/(-2). Let i be (20/w)/((-6)/(-18)). Let x be 2/i - (-18)/10. Let h(m) = -4*m - 2. Give h(x).
-10
Let f(t) = t + 2. Let b be f(8). Let u(d) = 11 - 22 - d + b + 5. Give u(6).
-2
Let u(n) = -n**3 + n + 1. Let h(p) = -4*p**3 + 5*p + 5. Let a(j) = -h(j) + 6*u(j). Determine a(-1).
2
Let i(b) = -3*b**2 - 11*b - 16. Let q(a) = 4*a**2 + 11*a + 15. Let d(k) = 3*i(k) + 2*q(k). Determine d(-8).
6
Let z(x) = -4*x + 2*x + 6 - 3 - 2*x. Let a(d) = d**3 + 20*d**2 - 17*d + 81. Let b be a(-21). Calculate z(b).
15
Let c = 11 - 8. Let d(o) = 0*o**3 - c*o + o**3 + 1 + 4*o**2 + 3*o**2 - 3. Calculate d(-7).
19
Let y(b) be the first derivative of 9*b**2/2 + 23*b - 322. Give y(-3).
-4
Let c(y) = -y**3 + 5*y**2 - 8*y. Let q be c(3). Let d(l) = l + 9. What is d(q)?
3
Let x = -28 - -35. Let k(i) = i + 9. What is k(x)?
16
Let p(w) = -2*w - 11. Let a be p(-8). Let z be (-18)/8*2*-2. Let y(s) = -s - 4 + z + a. Calculate y(7).
3
Let k(o) = -3*o - 45 + 24 + 20. Let w(n) = -2*n - 1. Let s(c) = -4*k(c) + 7*w(c). What is s(-6)?
9
Let i(k) = 1 + 0 + k + 2 - 2. Let x(n) = -5*n - 12. Let f(d) = 3*i(d) + x(d). Determine f(-6).
3
Suppose 0 = -y - z - 1, 2*y - 5*z = -2*y + 41. Let g(q) = -2*q - 120 + y*q + 128 - 4*q. What is g(6)?
-4
Let n(w) = -w**2 - 14*w - 18. Let q be ((77 - -7)/(-6))/(-2) + -18. Calculate n(q).
15
Suppose -2*v - 11 - 1 = 0. Let b(i) be the second derivative of -i**3/6 - 2*i**2 - 2*i - 81. What is b(v)?
2
Suppose 3*d + 4*x - 14 = 2*x, -3*x + 22 = 5*d. Let s(i) = -6*i - 2. Give s(d).
-14
Let v(d) be the second derivative of -d**4/12 + 2*d**2 - d. Suppose -5*w = -398 + 63. Let i = 70 - w. Calculate v(i).
-5
Suppose 2*b + 1 = 3. Let g(d) = d + 1. Let a be g(-1). Let i(w) = a + w - b - 3. Give i(6).
2
Let m be (-2 + -2)*9/(-6). Suppose 9 = 5*c - m. Let n(o) = -o**3 + o**2 - 3*o - 2 - 2*o**2 + 5*o**2 + c. What is n(2)?
3
Suppose 2*g + 10 = 4*g. Let l(v) = 4 - v + 2 + 3. Determine l(g).
4
Suppose -5 = -3*c - 2. Let v = c - 4. Let o(k) = 2*k**2 - 3*k**3 + 9 + k**2 - 5 + 4*k**3. Give o(v).
4
Let l(n) = -4*n - 23. Let k(j) = -5. Let y(a) = -2*k(a) + l(a). Give y(-6).
11
Let m(q) = -q**3 + q**2 - 49. Let j = 1212 - 1212. Determine m(j).
-49
Let y = 5 + 8. Let x(i) = -7*i + 19*i - y*i + 3. Let f(n) = n - 3. Let t(l) = 5*f(l) + 4*x(l). What is t(6)?
3
Let f(o) = -6*o + 2*o + 6*o. Let k be f(-5). Let i be -3*3 - 30/k. Let b(s) = -s**3 - 5*s**2 + 6*s - 3. What is b(i)?
-3
Let c(a) be the first derivative of 3/2*a**2 - 2*a + 14. Determine c(-2).
-8
Let z(n) be the first derivative of -n**4/4 - 5*n**3/3 - n**2/2 + 6*n + 14. Calculate z(-5).
11
Let c(p) = 3*p - 1. Let g = 80 - 76. Let x be (g - 99/24)*6*-4. Calculate c(x).
8
Suppose -181 = -5*v + k, 0*v - 2*k + 119 = 3*v. Suppose 0 = -v*m + 38*m - 39. Let q = 33 - m. Let n(u) = -2*u + 6. What is n(q)?
18
Let b(x) = -x**3 - x**2 + 1. Let w(h) be the first derivative of 0*h - 2/3*h**3 - 7/2*h**2 - 11 - 5/4*h**4. Let n(d) = -6*b(d) + w(d). What is n(-5)?
4
Let t(c) = c + 2. Suppose -4*d + 222 = 214. Calculate t(d).
4
Let v be -3 - (1 - 5) - -2. Suppose 5*m + 2*m = -v*m. Let c(s) = -s. Calculate c(m).
0
Let l(w) = w + 6. Suppose 2*c - 6*z + 5 = -z, c + 25 = -5*z. Determine l(c).
-4
Let v be -5 - (-5 - -1 - -4). Let m(o) = -2*o + 2. Let u(z) = -z. Let n(i) = v*u(i) + m(i). Give n(-3).
-7
Let l(p) be the second derivative of -p**4/12 + p**3/3 - 5*p**2/2 - 233*p. Let r = 2 + 2. Calculate l(r).
-13
Let h(x) be the second derivative of -x**4/12 - 5*x**3/3 - x**2/2 + x - 131. What is h(-12)?
-25
Let p = 6 + -5. Let j(y) be the second derivative of -y**6/120 - y**5/120 + y**4/3 + 2*y. Let n(d) be the third derivative of j(d). Calculate n(p).
-7
Let i(l) = -5*l + 43. Let g(f) = -3*f + 44. Let w(j) = -4*g(j) + 3*i(j). What is w(-16)?
1
Let s(y) = -4*y**2 + 519 + 5*y + 3*y**2 - 520 + 2*y. What is s(8)?
-9
Let h(q) = q + 37*q**3 - 816 + 816. Determine h(1).
38
Suppose -6*v + 5 = -v. Let g(n) = 0 - 1 - v + n. Calculate g(-4).
-6
Let m(t) = 23*t + 5 + 31*t + 31*t - 88*t. Determine m(7).
-16
Let q(t) = -2 - 3 + 1 + 2 + t. Suppose -8*x + 9*x = -3*n + 7, 3*n - 3*x - 15 = 0. Determine q(n).
1
Let q(y) be the first derivative of 1/8*y**4 - 1/15*y**5 - 5 + 0*y + 0*y**3 + 5/2*y**2. Let d(m) be the second derivative of q(m). Determine d(2).
-10
Suppose -5*p = -818 + 223. Let r(f) = p*f - 61*f - 2 - 59*f. Let k = 10 - 5. Calculate r(k).
-7
Let h(i) = 3*i**3 - 2 - 3*i**3 + i**3 + 2*i**2 - 2*i + 0*i**2. Suppose -4*b - 3 = -5*b, 4*p = -4*b + 56. Let c = p - 13. Determine h(c).
2
Let i be (-5 - 315/(-65)) + (-100)/26. Let x(o) = o**3 + 4*o**2 + 5*o + 4. Calculate x(i).
-16
Let s = 116 + -118. Let m(y) = 10*y + 2. Let l(h) = -h. Let c(d) = -4*l(d) - m(d). What is c(s)?
10
Let p(j) = -j**3 - 5*j**2 + 5*j + 2. Let b be (1 + 4)*8 - 4. Suppose -2*c = 4*c + b. What is p(c)?
8
Suppose -5*b - 3*k = -k - 11, 3*b + k = 7. Let p(n) = n**2 - 3*n + 3. Let a(t) = 5*t**2 - 15*t + 15. Let w(q) = 2*a(q) - 11*p(q). Determine w(b).
-3
Let z = 17 - 14. Suppose -32 = -r - z*r. Suppose 0 = -2*o - 18 + r. Let b(n) = -3*n - 1. What is b(o)?
14
Suppose 5*c - 4 = c. Let b(m) = m - m + 5*m**3 + 0*m - 1 + m. Calculate b(c).
5
Let q(u) = u**2 + 5*u - 2. Let z(c) = -2*c + 51. Let p(d) = -d + 25. Let r(j) = -5*p(j) + 2*z(j). Let b be r(11). Let s be 5*(b/(-3))/(-4). What is q(s)?
-2
Let v(u) = 15*u**2 - 3*u + 5. Let z(y) = -13*y**2 + 5*y - 7. Let c(s) = 3*v(s) + 2*z(s). Suppose 3*j = -2*j - 5. What is c(j)?
19
Let u = -293 + 280. Let y(o) = -o - 10. Calculate y(u).
3
Let z(r) = 5*r + 48. Let o(f) = 3*f**3 + 154*f**2 + 51*f - 10. Let s be o(-51). Determine z(s).
-2
Let d(l) be the second derivative of l**5/10 + l**4/12 + l**3/6 - l**2/2 - l - 21. Calculate d(1).
3
Let n(z) = -3*z**3 - 2*z**2 + 1. Let l be n(-1). Let p(i) = 4*i - 12. Give p(l).
-4
Let f(c) = -18*c + 8. Let q(d) = -13*d + 5. Let w(n) = -5*f(n) + 7*q(n). Calculate w(7).
-12
Let v(u) = -2*u**2 + 5*u + 22. Let b be v(5). Let l(c) = -c**2 - c. Calculate l(b).
-6
Let u be (-90)/(-60) - (-9)/(-2). Let x(i) = i**3 - i**2 - 3*i + 4. Calculate x(u).
-23
Let